 25632.
48
Calculate the highest common divisor of 1236 and 204.
12
What is the highest common factor of 66 and 143?
11
Calculate the highest common factor of 66 and 42.
6
What is the greatest common factor of 6579 and 306?
153
What is the greatest common divisor of 454 and 12031?
227
What is the highest common factor of 245 and 45?
5
Calculate the greatest common divisor of 5661 and 153.
153
What is the greatest common divisor of 302 and 5134?
302
What is the highest common factor of 270 and 440?
10
Calculate the greatest common divisor of 238 and 1258.
34
What is the highest common factor of 84 and 35?
7
What is the greatest common divisor of 168 and 17304?
168
What is the highest common divisor of 1784 and 16?
8
What is the highest common factor of 1189 and 29?
29
What is the greatest common divisor of 39 and 923?
13
Calculate the highest common divisor of 265 and 5.
5
Calculate the highest common divisor of 42 and 1974.
42
Calculate the highest common factor of 420 and 13104.
84
What is the highest common factor of 126 and 210?
42
Calculate the greatest common factor of 9856 and 55.
11
What is the greatest common factor of 6513 and 334?
167
What is the highest common divisor of 300 and 4600?
100
Calculate the highest common divisor of 23 and 667.
23
What is the greatest common factor of 6 and 498?
6
Calculate the highest common divisor of 207 and 90.
9
Calculate the highest common factor of 418 and 286.
22
What is the highest common divisor of 20 and 1220?
20
What is the greatest common factor of 216 and 60?
12
What is the greatest common factor of 2993 and 41?
41
Calculate the greatest common factor of 108 and 2412.
36
Calculate the greatest common factor of 270 and 162.
54
Calculate the greatest common divisor of 77 and 14.
7
Calculate the greatest common factor of 808 and 303.
101
What is the greatest common divisor of 216 and 4?
4
What is the highest common divisor of 539 and 154?
77
What is the greatest common factor of 50 and 5150?
50
Calculate the greatest common divisor of 364 and 84.
28
Calculate the highest common divisor of 42 and 21.
21
Calculate the highest common divisor of 192 and 1992.
24
What is the greatest common factor of 954 and 180?
18
Calculate the highest common divisor of 456 and 24.
24
What is the highest common divisor of 39 and 1131?
39
Calculate the greatest common divisor of 176 and 121.
11
What is the highest common factor of 49798 and 14?
14
Calculate the highest common divisor of 19 and 158.
1
Calculate the highest common factor of 16 and 864.
16
What is the greatest common divisor of 96 and 84?
12
Calculate the greatest common divisor of 6562 and 34.
34
What is the highest common divisor of 126 and 1036?
14
Calculate the highest common factor of 8048 and 16.
16
What is the highest common divisor of 459 and 216?
27
Calculate the greatest common divisor of 54 and 1998.
54
Calculate the greatest common divisor of 185 and 25.
5
Calculate the greatest common divisor of 37 and 259.
37
What is the highest common divisor of 272 and 51?
17
Calculate the highest common factor of 3959 and 107.
107
Calculate the greatest common factor of 91 and 39.
13
What is the highest common factor of 161 and 56?
7
What is the greatest common factor of 668 and 20?
4
Calculate the greatest common divisor of 50 and 1675.
25
What is the greatest common factor of 4268 and 22?
22
What is the highest common factor of 364 and 91?
91
What is the highest common divisor of 472 and 1298?
118
Calculate the highest common divisor of 105 and 21.
21
What is the highest common factor of 30 and 55?
5
What is the greatest common divisor of 64 and 200?
8
What is the highest common divisor of 1216 and 38?
38
Calculate the highest common divisor of 780 and 480.
60
What is the greatest common factor of 40 and 130?
10
Calculate the highest common factor of 9476 and 276.
92
What is the highest common factor of 30 and 1470?
30
Calculate the greatest common factor of 12 and 64.
4
Calculate the greatest common divisor of 4757 and 134.
67
Calculate the highest common factor of 7153 and 23.
23
Calculate the highest common divisor of 184 and 120.
8
What is the greatest common factor of 65 and 26?
13
Calculate the greatest common divisor of 15950 and 11.
11
Calculate the greatest common divisor of 72 and 26064.
72
What is the greatest common divisor of 268 and 4?
4
What is the highest common divisor of 1162 and 14?
14
What is the highest common divisor of 22 and 2035?
11
What is the greatest common factor of 1248 and 13?
13
Calculate the greatest common divisor of 3782 and 806.
62
Calculate the greatest common factor of 910 and 195.
65
Calculate the greatest common divisor of 2 and 134.
2
Calculate the highest common divisor of 238 and 56.
14
What is the highest common divisor of 351 and 754?
13
What is the greatest common divisor of 29801 and 17?
17
What is the highest common divisor of 119 and 68?
17
Calculate the greatest common factor of 46 and 46.
46
Calculate the highest common factor of 4860 and 60.
60
Calculate the highest common divisor of 172 and 1634.
86
What is the highest common divisor of 60 and 2130?
30
Calculate the greatest common divisor of 1245 and 795.
15
Calculate the highest common factor of 7 and 1757.
7
Calculate the greatest common factor of 2 and 9.
1
What is the greatest common divisor of 10 and 85?
5
What is the highest common divisor of 8 and 374?
2
Calculate the highest common factor of 3660 and 30.
30
Calculate the highest common factor of 286 and 247.
13
What is the highest common divisor of 105 and 21?
21
Calculate the greatest common divisor of 30 and 195.
15
What is the highest common divisor of 3 and 4953?
3
What is the greatest common divisor of 7 and 28?
7
What is the highest common factor of 61 and 3?
1
Calculate the highest common divisor of 9 and 12249.
9
Calculate the greatest common factor of 55 and 95.
5
Calculate the greatest common divisor of 4462 and 46.
46
What is the highest common divisor of 551 and 87?
29
Calculate the highest common divisor of 440 and 22.
22
Calculate the greatest common divisor of 84 and 8596.
28
What is the greatest common divisor of 3965 and 65?
65
What is the greatest common factor of 399 and 189?
21
What is the greatest common factor of 624 and 234?
78
Calculate the greatest common divisor of 320 and 50.
10
Calculate the highest common divisor of 124 and 12772.
124
What is the greatest common factor of 80 and 2000?
80
Calculate the greatest common factor of 5452 and 376.
188
Calculate the greatest common factor of 245 and 1323.
49
What is the highest common factor of 2691 and 1035?
207
Calculate the highest common divisor of 56 and 20.
4
Calculate the highest common divisor of 36 and 972.
36
What is the greatest common divisor of 45 and 15?
15
Calculate the highest common factor of 31 and 6913.
31
Calculate the highest common factor of 8 and 448.
8
What is the greatest common factor of 2340 and 910?
130
Calculate the highest common factor of 6 and 58500.
6
Calculate the highest common divisor of 320 and 170.
10
What is the highest common divisor of 697 and 17?
17
What is the highest common factor of 1600 and 96?
32
Calculate the highest common divisor of 12 and 636.
12
Calculate the highest common divisor of 40 and 15.
5
Calculate the highest common divisor of 77 and 49.
7
What is the highest common factor of 721 and 206?
103
Calculate the greatest common divisor of 60 and 60.
60
What is the highest common divisor of 106 and 1537?
53
What is the highest common divisor of 55 and 22?
11
Calculate the highest common factor of 4438 and 14.
14
What is the greatest common divisor of 6 and 240?
6
What is the highest common factor of 3179 and 187?
187
What is the highest common divisor of 5612 and 506?
46
What is the greatest common divisor of 2513 and 42?
7
Calculate the highest common divisor of 4 and 48.
4
Calculate the greatest common factor of 9 and 699.
3
What is the greatest common divisor of 117 and 4134?
39
What is the greatest common divisor of 147 and 28?
7
What is the greatest common divisor of 99 and 143?
11
Calculate the highest common divisor of 29 and 16617.
29
What is the greatest common divisor of 510 and 1105?
85
What is the greatest common factor of 80 and 30?
10
Calculate